 127, 263
What are the prime factors of 6363216?
2, 3, 44189
What are the prime factors of 2332264?
2, 11, 17, 1559
What are the prime factors of 25800786?
2, 3, 11, 130307
List the prime factors of 5185480.
2, 5, 19, 6823
List the prime factors of 155147.
47, 3301
What are the prime factors of 5880525?
3, 5, 7, 23, 487
What are the prime factors of 4607028?
2, 3, 127973
What are the prime factors of 1094486?
2, 31, 127, 139
What are the prime factors of 130106?
2, 65053
What are the prime factors of 912267?
3, 101363
What are the prime factors of 2535403?
13, 101, 1931
List the prime factors of 317622.
2, 3, 52937
What are the prime factors of 3924952?
2, 490619
What are the prime factors of 50935?
5, 61, 167
List the prime factors of 231481.
231481
List the prime factors of 1834805.
5, 7, 7489
List the prime factors of 2057292.
2, 3, 43, 443
List the prime factors of 995117.
995117
List the prime factors of 118321.
7, 16903
What are the prime factors of 16982387?
16982387
What are the prime factors of 221789?
23, 9643
List the prime factors of 240556.
2, 60139
What are the prime factors of 25182?
2, 3, 1399
List the prime factors of 10190266.
2, 5095133
List the prime factors of 677474.
2, 7, 31, 223
What are the prime factors of 6779850?
2, 3, 5, 7, 11, 587
List the prime factors of 218435.
5, 7, 79
List the prime factors of 3501860.
2, 5, 311, 563
What are the prime factors of 5350781?
5350781
List the prime factors of 125278.
2, 62639
List the prime factors of 759414.
2, 3, 23, 5503
List the prime factors of 24218108.
2, 6054527
What are the prime factors of 35113?
13, 37, 73
List the prime factors of 1631283.
3, 19, 28619
What are the prime factors of 286462?
2, 11, 29, 449
What are the prime factors of 7473278?
2, 3736639
What are the prime factors of 218935?
5, 43787
What are the prime factors of 1354952?
2, 169369
What are the prime factors of 1977434?
2, 349, 2833
List the prime factors of 382023.
3, 14149
List the prime factors of 1748188.
2, 13, 33619
What are the prime factors of 276879?
3, 17, 61, 89
What are the prime factors of 558893?
558893
What are the prime factors of 1684006?
2, 842003
What are the prime factors of 130229?
11, 11839
What are the prime factors of 49512?
2, 3, 2063
List the prime factors of 1089392.
2, 68087
What are the prime factors of 585231?
3, 195077
What are the prime factors of 43635451?
43635451
What are the prime factors of 29408421?
3, 7, 23, 60887
List the prime factors of 3202194.
2, 3, 113, 4723
List the prime factors of 2604261.
3, 11, 53, 1489
List the prime factors of 2642120.
2, 5, 13, 5081
List the prime factors of 3473062.
2, 1736531
What are the prime factors of 250078?
2, 19, 6581
List the prime factors of 6414906.
2, 3, 569, 1879
What are the prime factors of 3454308?
2, 3, 11, 13, 61
What are the prime factors of 17935673?
7, 2562239
List the prime factors of 903229.
73, 12373
What are the prime factors of 652359?
3, 101, 2153
What are the prime factors of 842985?
3, 5, 11, 13, 131
What are the prime factors of 722225?
5, 7, 4127
List the prime factors of 182196.
2, 3, 7, 241
What are the prime factors of 15355284?
2, 3, 7, 17, 10753
List the prime factors of 2705485.
5, 541097
What are the prime factors of 2366601?
3, 788867
List the prime factors of 36514.
2, 18257
What are the prime factors of 6557247?
3, 211, 1151
List the prime factors of 3980329.
17, 19, 12323
What are the prime factors of 1236296?
2, 23, 6719
List the prime factors of 1299315.
3, 5, 19, 47, 97
What are the prime factors of 560620?
2, 5, 28031
What are the prime factors of 19333415?
5, 59, 65537
What are the prime factors of 2511714?
2, 3, 383, 1093
List the prime factors of 11139026.
2, 397, 14029
What are the prime factors of 804211?
804211
What are the prime factors of 349732?
2, 87433
What are the prime factors of 1165630?
2, 5, 41, 2843
What are the prime factors of 4862122?
2, 2431061
List the prime factors of 1683472.
2, 7, 15031
What are the prime factors of 60438?
2, 3, 7, 1439
List the prime factors of 464207.
73, 6359
List the prime factors of 19507874.
2, 17, 573761
List the prime factors of 70167.
3, 19, 1231
List the prime factors of 138401.
138401
List the prime factors of 2488827.
3, 11, 53, 1423
What are the prime factors of 6432691?
6432691
What are the prime factors of 7607903?
37, 205619
What are the prime factors of 661972?
2, 61, 2713
What are the prime factors of 10328588?
2, 17, 193, 787
List the prime factors of 168896.
2, 7, 13, 29
What are the prime factors of 19261918?
2, 13, 17, 43579
What are the prime factors of 301752?
2, 3, 11, 127
List the prime factors of 134391.
3, 44797
List the prime factors of 544389.
3, 79, 2297
List the prime factors of 514555.
5, 102911
List the prime factors of 2990549.
1123, 2663
List the prime factors of 9390536.
2, 227, 5171
List the prime factors of 1291999.
1291999
List the prime factors of 12676112.
2, 792257
List the prime factors of 205534.
2, 7, 53, 277
What are the prime factors of 31962673?
31962673
List the prime factors of 684102.
2, 3, 113, 1009
What are the prime factors of 296378?
2, 17, 23, 379
List the prime factors of 4506052.
2, 1126513
What are the prime factors of 35240673?
3, 13, 903607
What are the prime factors of 176945?
5, 43, 823
What are the prime factors of 9119839?
67, 79, 1723
List the prime factors of 159547.
103, 1549
List the prime factors of 3912887.
11, 355717
What are the prime factors of 1079827?
7, 19, 23, 353
List the prime factors of 21364638.
2, 3, 97, 36709
What are the prime factors of 27439088?
2, 17, 281, 359
List the prime factors of 9625380.
2, 3, 5, 160423
List the prime factors of 2809039.
109, 25771
List the prime factors of 483690.
2, 3, 5, 23, 701
What are the prime factors of 3589028?
2, 193, 4649
What are the prime factors of 1978209?
3, 41, 1787
List the prime factors of 132149.
103, 1283
List the prime factors of 961092.
2, 3, 11, 809
List the prime factors of 9965447.
9965447
List the prime factors of 115700.
2, 5, 13, 89
What are the prime factors of 3960098?
2, 641, 3089
List the prime factors of 1141128.
2, 3, 587
What are the prime factors of 388390?
2, 5, 38839
List the prime factors of 87174.
2, 3, 29, 167
List the prime factors of 373453.
373453
List the prime factors of 362775.
3, 5, 7, 691
What are the prime factors of 1200138?
2, 3, 200023
What are the prime factors of 27376552?
2, 7, 43, 11369
List the prime factors of 243194.
2, 7, 29, 599
What are the prime factors of 3431299?
1277, 2687
List the prime factors of 669835.
5, 133967
List the prime factors of 798075.
3, 5, 3547
List the prime factors of 595641.
3, 367, 541
What are the prime factors of 6126817?
17, 73, 4937
List the prime factors of 11932945.
5, 73, 32693
List the prime factors of 6965532.
2, 3, 7, 131, 211
List the prime factors of 1196614.
2, 598307
List the prime factors of 604144.
2, 61, 619
List the prime factors of 17561.
17, 1033
What are the prime factors of 205661?
205661
What are the prime factors of 2720504?
2, 340063
List the prime factors of 1109031.
3, 7, 11, 4801
What are the prime factors of 7347974?
2, 3673987
List the prime factors of 1688584.
2, 211073
What are the prime factors of 40436?
2, 11, 919
What are the prime factors of 222086?
2, 111043
What are the prime factors of 1071024?
2, 3, 53, 421
List the prime factors of 1770235.
5, 354047
What are the prime factors of 9665928?
2, 3, 17, 53, 149
List the prime factors of 109457.
23, 4759
What are the prime factors of 127670?
2, 5, 17, 751
What are the prime factors of 1509610?
2, 5, 150961
What are the prime factors of 762161?
17, 107, 419
List the prime factors of 188763.
3, 62921
List the prime factors of 3062763.
3, 11, 30937
List the prime factors of 1158214.
2, 579107
List the prime factors of 1537779.
3, 512593
What are the prime factors of 10117765?
5, 7, 61, 677
List the prime factors of 11882893.
11, 1080263
What are the prime factors of 3515222?
2, 37, 67, 709
List the prime factors of 700196.
2, 7, 17, 1471
List the prime factors of 316247.
521, 607
List the prime factors of 290734.
2, 17, 503
List the prime factors of 200643.
3, 47, 1423
List the prime factors of 377253.
3, 167, 251
List the prime factors of 469771.
29, 97, 167
Lis